 6 and d.
6
Let s = 6 - 7. Let j be (s - 2)*(-69)/9. What is the greatest common factor of 184 and j?
23
Let a(l) = 5*l - 64. Let o be a(14). Calculate the highest common factor of 6 and o.
6
Suppose -5*t + 2*p + 10 = -2, 3*t - 4 = -2*p. Suppose 5 = -g + t. Let x be 6/(-4)*44/g. What is the greatest common divisor of 110 and x?
22
Suppose -5*k = 4*t - 61, 5*k + 19 = 3*t - 18. Suppose -12 = 6*i - 3*i + 3*x, 3 = -2*i - 3*x. Let y = t - i. Calculate the highest common divisor of y and 92.
23
Let s = -463 - -708. Let t = -169 + s. Let u(j) = j**3 - 9*j**2 + 10*j + 3. Let n be u(8). What is the highest common divisor of n and t?
19
Suppose -4*n = -28 + 8. Suppose n*j = 1325 - 10. Suppose -3*v - s = -j, -84 = -2*v + v - 4*s. Calculate the greatest common divisor of 8 and v.
8
Let i = -106 + 135. Calculate the greatest common divisor of 87 and i.
29
Let v be (4 - -206)/(-3 + (-136)/(-40)). What is the highest common factor of v and 25?
25
Suppose 3*u + 9 = 0, 4*z + 0*u = -4*u - 4. Suppose 4*g = -z*g + 444. Calculate the greatest common divisor of g and 185.
37
Let u(j) = j - 2. Let t = 25 - 29. Let w be u(t). Let q be 0 - -5 - w/(-3). What is the highest common factor of q and 9?
3
Let k = 9 - 16. Let r = k - -32. Calculate the highest common factor of r and 5.
5
Suppose 0 = -8*f + 3*f + 20. Let l(c) = -c**2 + 8*c - 5. Let p be l(f). Suppose 9*h = p*h - 280. What is the highest common divisor of 20 and h?
20
Let y = 67 - 64. Suppose 0*a - y*a = r - 248, -2*a - 1206 = -5*r. What is the greatest common factor of r and 22?
22
Suppose 3*a - 4 = 2. Let t(f) = -f - f - f**3 + f**a + f. Let u be t(-2). What is the highest common divisor of u and 7?
7
Let l = -1079 - -1119. What is the highest common factor of l and 1880?
40
Let d(x) = x**2 + 46*x + 151. Let m be d(-44). Calculate the highest common factor of 72 and m.
9
Suppose 3*x - 49 = 2*r, 2*r - 19 + 53 = 2*x. Let y be (-8)/(-10) + 3/x - -49. Calculate the highest common divisor of y and 10.
10
Let u be 816/1496 - (-142)/22. Calculate the greatest common factor of u and 37.
1
Suppose -2*d - n - 1527 = -6*d, 3*d + 5*n = 1151. Let z = d - 229. Let o = -12814 + 12831. Calculate the highest common divisor of z and o.
17
Suppose -11965*d = -11973*d + 2888. What is the highest common divisor of d and 133?
19
Let g = -610 - -658. Calculate the highest common divisor of 120 and g.
24
Suppose q - 3*m + 8 = 0, -5*q - 4*m = -2*m - 11. Let g = q + 9. What is the greatest common divisor of 40 and g?
10
Let j be 63/2*(142 + -124). Calculate the highest common divisor of j and 162.
81
Suppose -4*l - 16*v + 15*v + 181 = 0, 2*l - 3*v - 73 = 0. What is the greatest common factor of 572 and l?
44
Suppose 4*a - 32 = -3*x, a - x - x = 19. Let w be (-6 - -9) + -1 + a. Calculate the greatest common divisor of w and 91.
13
Suppose 2*b - 23 - 25 = 0. Suppose -23*t - 22 = -b*t. What is the highest common divisor of 110 and t?
22
Let r be (-184)/(-1012) - 164/11*-2. Calculate the highest common factor of 258 and r.
6
Let u be (-10)/(2 + (-24)/10). Let z = 27 - u. Let i be -3 - (z + -1*27). Calculate the greatest common factor of 33 and i.
11
Let c be (-20)/50 + (-848)/(-20). What is the greatest common divisor of 78 and c?
6
Let n be (-1227)/(-9) + 5/(-15). Calculate the greatest common factor of n and 612.
68
Let j(f) = 43*f - 1002. Let x be j(24). What is the greatest common divisor of 2085 and x?
15
Suppose 0*d = -3*d - 3. Let f be 10*(d - 6/(-4)). Suppose 3*l = f*x + 40, -5*x - 60 = -3*l - l. Calculate the greatest common divisor of l and 220.
20
Let i(b) = -b**3 + 10*b**2 + 12*b - 8. Let x be i(11). Let k(f) = -f**3 + 5*f**2 + 19*f - 20. Let j be k(7). What is the greatest common divisor of j and x?
3
Let p(i) = -6*i - 8. Let m be p(-6). Let j(o) = 36*o**2 - 28*o - 60. Let w be j(-2). What is the highest common divisor of m and w?
28
Suppose 0 = -2*a + 5*a - 81. Let b be (-4)/(-6) - (-387)/a. Calculate the greatest common factor of 135 and b.
15
Let p(z) = 2*z + 544. Let n be p(-22). What is the greatest common divisor of n and 8?
4
Suppose -2*g + 4*k = -64, 3*k = -3 - 0. Suppose 5*j + 125 = 5*q, -2*q + g = 3*j - 0*j. What is the greatest common factor of q and 84?
21
Suppose 464 = 27*w - 11*w. What is the greatest common divisor of 957 and w?
29
Let g(q) be the first derivative of q**3/3 + 11*q**2/2 + 33*q + 23. Let r be g(-9). Calculate the greatest common factor of r and 105.
15
Let p(w) = 12*w**2 + 4*w - 2. Let x be p(5). Let y be x/8 + (-12)/16. Let n be 14/(-7) - (-13 - 2). Calculate the highest common divisor of n and y.
13
Suppose 0 = 8*j - 4*j - 824. Let t = j - 121. Suppose t = 2*i - 113. Calculate the greatest common factor of i and 11.
11
Let v be (-11872)/(-108) + (-2)/(-27). Calculate the highest common factor of 60 and v.
10
Let b = -2 - -10. Suppose -4*h + 9 = -19. Suppose 5*m = 12 - h. What is the highest common divisor of m and b?
1
Let x(s) be the first derivative of -5/3*s**3 - 4*s - 1/4*s**4 - 2*s**2 - 2. Let w be x(-5). Calculate the greatest common factor of 144 and w.
16
Suppose -553 = -18*s + 41. What is the highest common divisor of s and 143?
11
Suppose 1664 = -7*r + 15*r. What is the greatest common divisor of 130 and r?
26
Let b be (-9)/(-3) - (1 + 7). Let q be ((-4 + b)*-1)/1. Suppose 0 = j - 3*j + 3*d + 17, -7 = -2*j + d. Calculate the greatest common factor of q and j.
1
Let v = -196 - -253. What is the highest common divisor of 9 and v?
3
Let w(l) = l - 1. Let d be w(-11). Let q be (-9)/d - (4275/(-12) + -3). What is the greatest common divisor of 40 and q?
40
Let h = -9 - -14. Let k = h + -3. Let j(c) = -c + 13. Let x be j(7). Calculate the highest common factor of k and x.
2
Let o(f) = 39*f + 2. Let a(v) = -38*v - 2. Let t(y) = 5*a(y) + 4*o(y). Let n be t(-1). Let l = n + -3. Calculate the highest common divisor of 29 and l.
29
Suppose g + 2*k = 42, 4*g + 12*k - 133 = 11*k. Calculate the greatest common divisor of 304 and g.
16
Suppose -2*s + 12 = -3*h, 2*h - 5*s + 9 = -2*h. Let f be 3/h*(2 + -254). What is the highest common divisor of 14 and f?
14
Let t = -26 + 36. Suppose -15*l + t*l + 15 = 0. What is the greatest common factor of 12 and l?
3
Let i = -1436 - -1467. Calculate the highest common factor of 4092 and i.
31
Let y = 256 + -53. What is the highest common factor of y and 14?
7
Suppose -58 = 5*k - 3*x - 187, -k = 4*x - 35. Calculate the highest common factor of k and 423.
9
Let z be -1 - ((-1)/(-1) + -9). Suppose -2*b + 72 = -j, 236*j = -4*b + 241*j + 150. What is the greatest common divisor of b and z?
7
Let t(f) be the third derivative of 2/3*f**3 + 0*f - 1/24*f**4 + 6*f**2 + 0. Let u be t(2). Calculate the greatest common factor of u and 8.
2
Let v be (1/(-2))/((-2)/24). Let d(j) = -j - 18 + 12*j + 4. Let o be d(v). What is the greatest common divisor of 13 and o?
13
Suppose -8*s + 7*s - 5 = 0, -2*p = -5*s - 833. Calculate the greatest common factor of 303 and p.
101
Suppose 0 = r - 5*c - 1041, 4*c + 5184 = 2*r + 3*r. What is the greatest common divisor of r and 28?
28
Let n(h) = -2*h**3 + 23*h**2 + 19*h - 54. Let w be n(12). Calculate the greatest common factor of 135 and w.
15
Let z be (25/10 - 3)*0. Suppose 5*r - 4*j - 177 = z, 147 - 27 = 4*r + 4*j. What is the highest common factor of r and 3?
3
Suppose 6*t - 4*t - 92 = 0. Suppose -20 - 187 = -3*u. Calculate the highest common factor of u and t.
23
Suppose -3*d - 50 = -7*d + 2*y, -3*d = -y - 37. Suppose 0 = -3*f - d, 3*u + 20 = 7*u + 3*f. What is the greatest common divisor of 88 and u?
8
Let l be (-110)/(-3) - 16/(-72)*-3. Calculate the greatest common divisor of 252 and l.
36
Let q = -9 - -19. Let x = -80 + 20. Let g = x + 100. Calculate the highest common divisor of g and q.
10
Suppose 0 = 3*r - 2*r - 72. Let w = 14 - 10. Let b be 2*w - (-56)/14. What is the highest common divisor of b and r?
12
Let o be ((-17)/17)/(1/13). Let b(p) = p**3 + 12*p**2 - 15*p + 15. Let s be b(o). Suppose 4*c - s = 47. Calculate the greatest common factor of 33 and c.
11
Suppose 4*l = 9*l + 30. Let r be ((-1)/(-3))/((2/l)/(-1)). Calculate the greatest common divisor of 3 and r.
1
Suppose 5*n = -2*r + 3*r + 23, 2*r = -6. Suppose 0 = -5*i + 4*t + 14, 0 = -n*i + 7*t - 2*t + 4. Calculate the highest common divisor of i and 4.
2
Let p = -674 